{"id":2210,"date":"2021-03-05T16:45:50","date_gmt":"2021-03-05T15:45:50","guid":{"rendered":"https:\/\/www.trampicturebook.de\/wordpress\/?page_id=2210"},"modified":"2026-03-29T12:17:29","modified_gmt":"2026-03-29T10:17:29","slug":"martina-arnold","status":"publish","type":"page","link":"https:\/\/www.trampicturebook.de\/wordpress\/martina-arnold\/","title":{"rendered":"Martina Arnold"},"content":{"rendered":"\n<div class=\"wp-block-columns is-layout-flex wp-container-core-columns-is-layout-9d6595d7 wp-block-columns-is-layout-flex\">\n<div class=\"wp-block-column is-layout-flow wp-block-column-is-layout-flow\" style=\"flex-basis:33.33%\"><div class=\"wp-block-image\">\n<figure class=\"aligncenter size-full\"><img loading=\"lazy\" decoding=\"async\" width=\"1000\" height=\"666\" src=\"https:\/\/www.trampicturebook.de\/wordpress\/wp-content\/uploads\/2021\/08\/Martina_Arnold_sw_Buch-1.jpg\" alt=\"\" class=\"wp-image-3328\" srcset=\"https:\/\/www.trampicturebook.de\/wordpress\/wp-content\/uploads\/2021\/08\/Martina_Arnold_sw_Buch-1.jpg 1000w, https:\/\/www.trampicturebook.de\/wordpress\/wp-content\/uploads\/2021\/08\/Martina_Arnold_sw_Buch-1-600x400.jpg 600w, https:\/\/www.trampicturebook.de\/wordpress\/wp-content\/uploads\/2021\/08\/Martina_Arnold_sw_Buch-1-300x200.jpg 300w, https:\/\/www.trampicturebook.de\/wordpress\/wp-content\/uploads\/2021\/08\/Martina_Arnold_sw_Buch-1-768x511.jpg 768w, https:\/\/www.trampicturebook.de\/wordpress\/wp-content\/uploads\/2021\/08\/Martina_Arnold_sw_Buch-1-150x100.jpg 150w\" sizes=\"auto, (max-width: 1000px) 100vw, 1000px\" \/><\/figure>\n<\/div><\/div>\n\n\n\n<div class=\"wp-block-column is-layout-flow wp-block-column-is-layout-flow\" style=\"flex-basis:66.66%\">\n<p>Martina Arnold lebt und arbeitet in Berlin. Sie ist Dozentin an bundesweiten Medienakademien f\u00fcr TV Journalismus und Film. In Stuttgart studierte sie Politologie&nbsp; und in Berlin Kommunikationswissenschaften. W\u00e4hrend des Studiums im S\u00fcden sinnlich pr\u00e4gende Jobs u.a. als Lokalreporterin bei der Zeitung, Schwerpunkt Ch\u00f6re des Landes, und W\u00fcrstchenverk\u00e4uferin auf dem Weihnachtsmarkt. Nach dem Studium in Berlin arbeitete sie als TV Redakteurin (ARD) und Senior Producerin f\u00fcr Wissenschafts-TV (Einstein Channel). Als Drehbuchautorin bei \u201eJulia, Wege zum Gl\u00fcck\u201c\/ ZDF schrieb sie bei 250 Folgen mit am Lieben und Leiden der Hauptfigur Julia. Seit 2009 ver\u00f6ffentlicht Martina Arnold Kriminalkurzgeschichten in Anthologien. Ihre oft schwarz humorigen Geschichten pr\u00e4sentiert sie sehr gern auf Lesungen.<\/p>\n\n\n\n<p>Homepage: <a rel=\"noreferrer noopener\" href=\"https:\/\/www.martina-arnold.com\/\" target=\"_blank\">https:\/\/www.martina-arnold.com\/<\/a><\/p>\n\n\n\n<p><\/p>\n\n\n\n<p><\/p>\n<\/div>\n<\/div>\n\n\n\n<div class=\"wp-block-columns is-layout-flex wp-container-core-columns-is-layout-9d6595d7 wp-block-columns-is-layout-flex\">\n<div class=\"wp-block-column is-layout-flow wp-block-column-is-layout-flow\"><\/div>\n<\/div>\n\n\n\n<div class=\"wp-block-columns is-layout-flex wp-container-core-columns-is-layout-9d6595d7 wp-block-columns-is-layout-flex\">\n<div class=\"wp-block-column is-layout-flow wp-block-column-is-layout-flow\"><div class=\"wp-block-image\">\n<figure class=\"aligncenter size-medium\"><a href=\"https:\/\/www.trampicturebook.de\/wordpress\/winnetou\/\"><img loading=\"lazy\" decoding=\"async\" width=\"190\" height=\"300\" src=\"https:\/\/www.trampicturebook.de\/wordpress\/wp-content\/uploads\/2019\/05\/Winnetou-Y600-190x300.jpg\" alt=\"\" class=\"wp-image-52\" srcset=\"https:\/\/www.trampicturebook.de\/wordpress\/wp-content\/uploads\/2019\/05\/Winnetou-Y600-190x300.jpg 190w, https:\/\/www.trampicturebook.de\/wordpress\/wp-content\/uploads\/2019\/05\/Winnetou-Y600-95x150.jpg 95w, https:\/\/www.trampicturebook.de\/wordpress\/wp-content\/uploads\/2019\/05\/Winnetou-Y600.jpg 379w\" sizes=\"auto, (max-width: 190px) 100vw, 190px\" \/><\/a><\/figure>\n<\/div><\/div>\n\n\n\n<div class=\"wp-block-column is-layout-flow wp-block-column-is-layout-flow\"><\/div>\n\n\n\n<div class=\"wp-block-column is-layout-flow wp-block-column-is-layout-flow\"><\/div>\n<\/div>\n\n\n\n<div class=\"wp-block-buttons is-horizontal is-content-justification-center is-layout-flex wp-container-core-buttons-is-layout-499968f5 wp-block-buttons-is-layout-flex\">\n<div class=\"wp-block-button\"><a class=\"wp-block-button__link has-vivid-cyan-blue-background-color has-background wp-element-button\" href=\"https:\/\/www.trampicturebook.de\/wordpress\/autorenuebersicht\/\">Autoren\u00fcbersicht<\/a><\/div>\n<\/div>\n\n\n\n<p><\/p>\n","protected":false},"excerpt":{"rendered":"<p>Martina Arnold lebt und arbeitet in Berlin. Sie ist Dozentin an bundesweiten Medienakademien f\u00fcr TV Journalismus und Film. In Stuttgart studierte sie Politologie&nbsp; und in Berlin Kommunikationswissenschaften. W\u00e4hrend des Studiums im S\u00fcden sinnlich pr\u00e4gende Jobs u.a. als Lokalreporterin bei der Zeitung, Schwerpunkt Ch\u00f6re des Landes, und W\u00fcrstchenverk\u00e4uferin auf dem Weihnachtsmarkt&#8230;.<\/p>\n<p> <a class=\"continue-reading-link\" href=\"https:\/\/www.trampicturebook.de\/wordpress\/martina-arnold\/\"><span>Continue reading<\/span><i class=\"crycon-right-dir\"><\/i><\/a> <\/p>\n","protected":false},"author":1,"featured_media":0,"parent":0,"menu_order":0,"comment_status":"closed","ping_status":"closed","template":"","meta":{"footnotes":""},"categories":[],"tags":[],"folder":[21],"class_list":["post-2210","page","type-page","status-publish","hentry"],"jetpack_sharing_enabled":true,"_links":{"self":[{"href":"https:\/\/www.trampicturebook.de\/wordpress\/wp-json\/wp\/v2\/pages\/2210","targetHints":{"allow":["GET"]}}],"collection":[{"href":"https:\/\/www.trampicturebook.de\/wordpress\/wp-json\/wp\/v2\/pages"}],"about":[{"href":"https:\/\/www.trampicturebook.de\/wordpress\/wp-json\/wp\/v2\/types\/page"}],"author":[{"embeddable":true,"href":"https:\/\/www.trampicturebook.de\/wordpress\/wp-json\/wp\/v2\/users\/1"}],"replies":[{"embeddable":true,"href":"https:\/\/www.trampicturebook.de\/wordpress\/wp-json\/wp\/v2\/comments?post=2210"}],"version-history":[{"count":19,"href":"https:\/\/www.trampicturebook.de\/wordpress\/wp-json\/wp\/v2\/pages\/2210\/revisions"}],"predecessor-version":[{"id":8573,"href":"https:\/\/www.trampicturebook.de\/wordpress\/wp-json\/wp\/v2\/pages\/2210\/revisions\/8573"}],"wp:attachment":[{"href":"https:\/\/www.trampicturebook.de\/wordpress\/wp-json\/wp\/v2\/media?parent=2210"}],"wp:term":[{"taxonomy":"category","embeddable":true,"href":"https:\/\/www.trampicturebook.de\/wordpress\/wp-json\/wp\/v2\/categories?post=2210"},{"taxonomy":"post_tag","embeddable":true,"href":"https:\/\/www.trampicturebook.de\/wordpress\/wp-json\/wp\/v2\/tags?post=2210"},{"taxonomy":"folder","embeddable":true,"href":"https:\/\/www.trampicturebook.de\/wordpress\/wp-json\/wp\/v2\/folder?post=2210"}],"curies":[{"name":"wp","href":"https:\/\/api.w.org\/{rel}","templated":true}]}}