{"id":2404,"date":"2021-03-09T11:18:41","date_gmt":"2021-03-09T10:18:41","guid":{"rendered":"https:\/\/www.trampicturebook.de\/wordpress\/?page_id=2404"},"modified":"2022-09-26T14:17:11","modified_gmt":"2022-09-26T12:17:11","slug":"winnetou","status":"publish","type":"page","link":"https:\/\/www.trampicturebook.de\/wordpress\/winnetou\/","title":{"rendered":"Winnetou"},"content":{"rendered":"\n<h1 class=\"wp-block-heading\"><strong>und die Frau in Wei\u00df<\/strong><\/h1>\n\n\n\n<p><\/p>\n\n\n\n<div class=\"wp-block-columns is-layout-flex wp-container-core-columns-is-layout-9d6595d7 wp-block-columns-is-layout-flex\">\n<div class=\"wp-block-column is-layout-flow wp-block-column-is-layout-flow\" style=\"flex-basis:33.33%\"><div class=\"wp-block-image\">\n<figure class=\"aligncenter size-medium\"><a href=\"https:\/\/www.trampicturebook.de\/wordpress\/wp-content\/uploads\/2021\/03\/Anthologie_Paperback_y800.jpg\"><img loading=\"lazy\" decoding=\"async\" width=\"189\" height=\"300\" src=\"https:\/\/www.trampicturebook.de\/wordpress\/wp-content\/uploads\/2021\/03\/Anthologie_Paperback_y800-189x300.jpg\" alt=\"\" class=\"wp-image-2557\" srcset=\"https:\/\/www.trampicturebook.de\/wordpress\/wp-content\/uploads\/2021\/03\/Anthologie_Paperback_y800-189x300.jpg 189w, https:\/\/www.trampicturebook.de\/wordpress\/wp-content\/uploads\/2021\/03\/Anthologie_Paperback_y800-95x150.jpg 95w, https:\/\/www.trampicturebook.de\/wordpress\/wp-content\/uploads\/2021\/03\/Anthologie_Paperback_y800.jpg 505w\" sizes=\"auto, (max-width: 189px) 100vw, 189px\" \/><\/a><\/figure>\n<\/div><\/div>\n\n\n\n<div class=\"wp-block-column is-layout-flow wp-block-column-is-layout-flow\" style=\"flex-basis:66.66%\">\n<p>M\u00f6rderische Kurzgeschichten von <a href=\"https:\/\/www.trampicturebook.de\/wordpress\/martina-arnold\/\" data-type=\"page\" data-id=\"2210\">Martina Arnold<\/a> und <a href=\"https:\/\/www.trampicturebook.de\/wordpress\/uwe-wittenfeld\/\" data-type=\"page\" data-id=\"2243\">Uwe Wittenfeld<\/a><\/p>\n\n\n\n<p><br>Winnetou und die Frau in Wei\u00df.<br>Passt das zusammen?<br>Folgen Sie Martina Arnold und Uwe Wittenfeld in 17 Geschichten von Schottland nach Sizilien.<br>Sie werden lachen, sich gruseln und die Antwort finden.<br>Aber Vorsicht: Alle Geschichten sind m\u00f6rderisch.<br><strong>Taschenbuch<\/strong>: 224 Seiten, <br>ISBN 978-3-947848-03-4, 12,00 \u20ac<br><strong>Gro\u00dfdruck<\/strong>: 288 Seiten, 14pkt-Schrift auf wei\u00dfem Papier, <br>ISBN 978-3-947848-05-8, 13,00 \u20ac<br><strong>eBook<\/strong>: ISBN 978-3-947848-04-1, <s>6,99<\/s> 2,99 \u20ac<\/p>\n<\/div>\n<\/div>\n\n\n\n<div class=\"wp-block-columns is-layout-flex wp-container-core-columns-is-layout-9d6595d7 wp-block-columns-is-layout-flex\">\n<div class=\"wp-block-column is-layout-flow wp-block-column-is-layout-flow\" style=\"flex-basis:66.66%\">\n<p><em>Es war ein grauenhafter Anblick. Der Mann war an das schmiedeeiserne, den Dom umgebende Gitter gebunden. Man hatte ihm eine Krone aufgesetzt und er war von oben bis unten mit Blut \u2013 wir nahmen jedenfalls an, dass es Blut war \u2013 bespritzt. (Aus: Zocken, bis der \u00c4tna qualmt)<\/em><\/p>\n<\/div>\n\n\n\n<div class=\"wp-block-column is-layout-flow wp-block-column-is-layout-flow\" style=\"flex-basis:33.33%\">\n\n<div class=\"wp-block-image\">\n<figure class=\"aligncenter size-full is-resized\"><img loading=\"lazy\" decoding=\"async\" src=\"https:\/\/www.trampicturebook.de\/wordpress\/wp-content\/uploads\/2020\/09\/Winnetou-Sizi.jpg\" alt=\"\" class=\"wp-image-1360\" width=\"600\" height=\"600\" srcset=\"https:\/\/www.trampicturebook.de\/wordpress\/wp-content\/uploads\/2020\/09\/Winnetou-Sizi.jpg 800w, https:\/\/www.trampicturebook.de\/wordpress\/wp-content\/uploads\/2020\/09\/Winnetou-Sizi-300x300.jpg 300w, https:\/\/www.trampicturebook.de\/wordpress\/wp-content\/uploads\/2020\/09\/Winnetou-Sizi-100x100.jpg 100w, https:\/\/www.trampicturebook.de\/wordpress\/wp-content\/uploads\/2020\/09\/Winnetou-Sizi-600x600.jpg 600w, https:\/\/www.trampicturebook.de\/wordpress\/wp-content\/uploads\/2020\/09\/Winnetou-Sizi-150x150.jpg 150w, https:\/\/www.trampicturebook.de\/wordpress\/wp-content\/uploads\/2020\/09\/Winnetou-Sizi-768x768.jpg 768w\" sizes=\"auto, (max-width: 600px) 100vw, 600px\" \/><\/figure>\n<\/div><\/div>\n<\/div>\n\n\n\n<figure class=\"wp-block-table is-style-stripes\"><table><tbody><tr><td><em><span class=\"has-inline-color has-vivid-red-color\">Geschichte<\/span><\/em><\/td><td><em><span class=\"has-inline-color has-vivid-red-color\">Ort<\/span><\/em><\/td><td><span class=\"has-inline-color has-vivid-red-color\"><em>Au<\/em>tor\/In<\/span><\/td><\/tr><tr><td>Don&#8217;t kick ze Horst<\/td><td>Berlin<\/td><td>M. Arnold<\/td><\/tr><tr><td>Rios Verm\u00e4chtnis<\/td><td>Ein Gymnasium irgendwo<\/td><td>U. Wittenfeld<\/td><\/tr><tr><td>Winnetou sucht keine Spuren mehr<\/td><td>Berlin<\/td><td>M. Arnold<\/td><\/tr><tr><td>Die Frau in Wei\u00df<\/td><td>Berlin<\/td><td>U. Wittenfeld<\/td><\/tr><tr><td>Balkan Beats<\/td><td>Berlin<\/td><td>M. Arnold<\/td><\/tr><tr><td>Pauls Koffer<\/td><td>Bochum<\/td><td>U. Wittenfeld<\/td><\/tr><tr><td>Peng!<\/td><td>Berlin<\/td><td>M. Arnold<\/td><\/tr><tr><td>Bergidyll<\/td><td>Wismar, Sch\u00f6nau am K\u00f6nigsee<\/td><td>U. Wittenfeld<\/td><\/tr><tr><td>Nach ganz oben<\/td><td>\u00dcber Frankfurt<\/td><td>M. Arnold<\/td><\/tr><tr><td>Flammentod<\/td><td>M\u00fclheim an der Ruhr, M\u00fcnsterland<\/td><td>U. Wittenfeld<\/td><\/tr><tr><td>Sei frei<\/td><td>Brandenburg<\/td><td>M. Arnold<\/td><\/tr><tr><td>Zocken bis der \u00c4tna qualmt<\/td><td>Sizilien<\/td><td>U. Wittenfeld<\/td><\/tr><tr><td>Prickelnd<\/td><td>Brandenburg<\/td><td>M. Arnold<\/td><\/tr><tr><td>Die Weihnachtsmarktmafia<\/td><td>Ruhrgebiet<\/td><td>U. Wittenfeld<\/td><\/tr><tr><td>Ein noch ganz brauchbares Fest<\/td><td>Berlin<\/td><td>M. Arnold<\/td><\/tr><tr><td>Wischewskys Neffe<\/td><td>Dresden, Wattenscheid<\/td><td>U. Wittenfeld<\/td><\/tr><tr><td>Die sch\u00f6ne Bescherung der Lady McLipgloss<\/td><td>Schottische Highlands<\/td><td>M. Arnold<\/td><\/tr><\/tbody><\/table><\/figure>\n\n\n\n<p><a href=\"https:\/\/litterae-artesque.blogspot.com\/2020\/05\/arnold-m-wittenfeld-u-wennetou-und-die.html\">Rezension von Uwe Rennicke<\/a><img loading=\"lazy\" decoding=\"async\" width=\"102\" height=\"102\" class=\"wp-image-1126\" style=\"width: 102px;\" src=\"https:\/\/www.trampicturebook.de\/wordpress\/wp-content\/uploads\/2020\/05\/Logo-B\u00fccherjunge.jpg\" alt=\"\" srcset=\"https:\/\/www.trampicturebook.de\/wordpress\/wp-content\/uploads\/2020\/05\/Logo-B\u00fccherjunge.jpg 102w, https:\/\/www.trampicturebook.de\/wordpress\/wp-content\/uploads\/2020\/05\/Logo-B\u00fccherjunge-100x100.jpg 100w\" sizes=\"auto, (max-width: 102px) 100vw, 102px\" \/><\/p>\n","protected":false},"excerpt":{"rendered":"<p>und die Frau in Wei\u00df M\u00f6rderische Kurzgeschichten von Martina Arnold und Uwe Wittenfeld Winnetou und die Frau in Wei\u00df.Passt das zusammen?Folgen Sie Martina Arnold und Uwe Wittenfeld in 17 Geschichten von Schottland nach Sizilien.Sie werden lachen, sich gruseln und die Antwort finden.Aber Vorsicht: Alle Geschichten sind m\u00f6rderisch.Taschenbuch: 224 Seiten, ISBN&#8230;<\/p>\n<p> <a class=\"continue-reading-link\" href=\"https:\/\/www.trampicturebook.de\/wordpress\/winnetou\/\"><span>Continue reading<\/span><i class=\"crycon-right-dir\"><\/i><\/a> <\/p>\n","protected":false},"author":1,"featured_media":0,"parent":0,"menu_order":0,"comment_status":"closed","ping_status":"closed","template":"","meta":{"footnotes":""},"categories":[29],"tags":[],"folder":[26],"class_list":["post-2404","page","type-page","status-publish","hentry","category-krimi-anthologie"],"jetpack_sharing_enabled":true,"_links":{"self":[{"href":"https:\/\/www.trampicturebook.de\/wordpress\/wp-json\/wp\/v2\/pages\/2404","targetHints":{"allow":["GET"]}}],"collection":[{"href":"https:\/\/www.trampicturebook.de\/wordpress\/wp-json\/wp\/v2\/pages"}],"about":[{"href":"https:\/\/www.trampicturebook.de\/wordpress\/wp-json\/wp\/v2\/types\/page"}],"author":[{"embeddable":true,"href":"https:\/\/www.trampicturebook.de\/wordpress\/wp-json\/wp\/v2\/users\/1"}],"replies":[{"embeddable":true,"href":"https:\/\/www.trampicturebook.de\/wordpress\/wp-json\/wp\/v2\/comments?post=2404"}],"version-history":[{"count":13,"href":"https:\/\/www.trampicturebook.de\/wordpress\/wp-json\/wp\/v2\/pages\/2404\/revisions"}],"predecessor-version":[{"id":5227,"href":"https:\/\/www.trampicturebook.de\/wordpress\/wp-json\/wp\/v2\/pages\/2404\/revisions\/5227"}],"wp:attachment":[{"href":"https:\/\/www.trampicturebook.de\/wordpress\/wp-json\/wp\/v2\/media?parent=2404"}],"wp:term":[{"taxonomy":"category","embeddable":true,"href":"https:\/\/www.trampicturebook.de\/wordpress\/wp-json\/wp\/v2\/categories?post=2404"},{"taxonomy":"post_tag","embeddable":true,"href":"https:\/\/www.trampicturebook.de\/wordpress\/wp-json\/wp\/v2\/tags?post=2404"},{"taxonomy":"folder","embeddable":true,"href":"https:\/\/www.trampicturebook.de\/wordpress\/wp-json\/wp\/v2\/folder?post=2404"}],"curies":[{"name":"wp","href":"https:\/\/api.w.org\/{rel}","templated":true}]}}