{"id":2417,"date":"2021-03-09T11:42:20","date_gmt":"2021-03-09T10:42:20","guid":{"rendered":"https:\/\/www.trampicturebook.de\/wordpress\/?page_id=2417"},"modified":"2024-05-01T23:38:38","modified_gmt":"2024-05-01T21:38:38","slug":"kunst-und-krimi","status":"publish","type":"page","link":"https:\/\/www.trampicturebook.de\/wordpress\/kunst-und-krimi\/","title":{"rendered":"Kunst und Krimi"},"content":{"rendered":"\n<p><\/p>\n\n\n\n<div class=\"wp-block-columns is-layout-flex wp-container-core-columns-is-layout-9d6595d7 wp-block-columns-is-layout-flex\">\n<div class=\"wp-block-column is-layout-flow wp-block-column-is-layout-flow\"><div class=\"wp-block-image\">\n<figure class=\"aligncenter size-medium\"><a href=\"https:\/\/www.trampicturebook.de\/wordpress\/wp-content\/uploads\/2020\/04\/Cover-Titelblatt.png.jpg\"><img loading=\"lazy\" decoding=\"async\" width=\"300\" height=\"300\" src=\"https:\/\/www.trampicturebook.de\/wordpress\/wp-content\/uploads\/2020\/04\/Cover-Titelblatt.png-300x300.jpg\" alt=\"\" class=\"wp-image-1079\" srcset=\"https:\/\/www.trampicturebook.de\/wordpress\/wp-content\/uploads\/2020\/04\/Cover-Titelblatt.png-300x300.jpg 300w, https:\/\/www.trampicturebook.de\/wordpress\/wp-content\/uploads\/2020\/04\/Cover-Titelblatt.png-100x100.jpg 100w, https:\/\/www.trampicturebook.de\/wordpress\/wp-content\/uploads\/2020\/04\/Cover-Titelblatt.png-600x600.jpg 600w, https:\/\/www.trampicturebook.de\/wordpress\/wp-content\/uploads\/2020\/04\/Cover-Titelblatt.png-150x150.jpg 150w, https:\/\/www.trampicturebook.de\/wordpress\/wp-content\/uploads\/2020\/04\/Cover-Titelblatt.png-768x768.jpg 768w, https:\/\/www.trampicturebook.de\/wordpress\/wp-content\/uploads\/2020\/04\/Cover-Titelblatt.png.jpg 800w\" sizes=\"auto, (max-width: 300px) 100vw, 300px\" \/><\/a><\/figure>\n<\/div><\/div>\n\n\n\n<div class=\"wp-block-column is-layout-flow wp-block-column-is-layout-flow\">\n<p>Kann man <strong>Kunst und Krimi<\/strong> in einem Buch kombinieren?<\/p>\n\n\n\n<p>Lassen Sie sich \u00fcberzeugen:<br><strong>14 Kunstwerke<\/strong> von <a href=\"https:\/\/www.trampicturebook.de\/wordpress\/dr-daniela-richter-wittenfeld\/\" data-type=\"page\" data-id=\"2233\">Dr. Daniela Richter-Wittenfeld<\/a> (nat\u00fcrlich in Farbe)<br><strong>12 spannende Kurzkrimis<\/strong> von <a href=\"https:\/\/www.trampicturebook.de\/wordpress\/uwe-wittenfeld\/\" data-type=\"page\" data-id=\"2243\">Uwe Wittenfeld<\/a><\/p>\n\n\n\n<p><strong>Taschenbuch <\/strong>im quadratischen Format 17*17cm<br>200g-Foto-Brillantpapier, 164 Seiten, <br>ISBN: 978-3-947848-10-2 \u20ac 15,50<\/p>\n<\/div>\n<\/div>\n\n\n\n<figure class=\"wp-block-table is-style-stripes\"><table><tbody><tr><td>Bonnie und Claus<\/td><td>Zechensiedlung im Ruhrgebiet<\/td><\/tr><tr><td>Vergeben und vergessen?<\/td><td>Berlin,Potsdam<\/td><\/tr><tr><td>Die sch\u00f6ne Helena<\/td><td>Heringsdorf, Gelsenkirchen<\/td><\/tr><tr><td>La Mancha an der Weser<\/td><td>Kreis Minden L\u00fcbbecke<\/td><\/tr><tr><td>Wargame<\/td><td>Berlin<\/td><\/tr><tr><td>Asparagus<\/td><td>Spargelgegend, irgendwo in Norddeutschland<\/td><\/tr><tr><td>Die Frau im Zug<\/td><td>Bochum, Berlin<\/td><\/tr><tr><td>Galopp<\/td><td>Gelsenkirchen<\/td><\/tr><tr><td>Thea und Lisa<\/td><td>Ruhrgebiet<\/td><\/tr><tr><td>Corona-Blitz<\/td><td>Ruhrgebiet<\/td><\/tr><tr><td>Rache ist kalt<\/td><td>Berlin, Usedom<\/td><\/tr><tr><td>Susi<\/td><td>Eine Stadt in Deutschland<\/td><\/tr><\/tbody><\/table><\/figure>\n\n\n\n<p><img loading=\"lazy\" decoding=\"async\" src=\"https:\/\/www.trampicturebook.de\/wordpress\/wp-content\/uploads\/2020\/05\/Logo-B\u00fccherjunge.jpg\" alt=\"\" width=\"102\" height=\"102\"><a rel=\"noreferrer noopener\" href=\"https:\/\/litterae-artesque.blogspot.com\/2020\/09\/wittenfeld-kunst-und-krimi.html\" target=\"_blank\">Rezension von Uwe Rennicke bei Littarae Artesque<\/a><\/p>\n\n\n\n<hr class=\"wp-block-separator has-css-opacity\"\/>\n\n\n\n<div class=\"wp-block-columns is-layout-flex wp-container-core-columns-is-layout-9d6595d7 wp-block-columns-is-layout-flex\">\n<div class=\"wp-block-column is-layout-flow wp-block-column-is-layout-flow\" style=\"flex-basis:33.33%\"><div class=\"wp-block-image\">\n<figure class=\"aligncenter size-medium\"><img loading=\"lazy\" decoding=\"async\" width=\"284\" height=\"300\" src=\"https:\/\/www.trampicturebook.de\/wordpress\/wp-content\/uploads\/2020\/12\/ebook-Y600-284x300.jpg\" alt=\"\" class=\"wp-image-1883\" srcset=\"https:\/\/www.trampicturebook.de\/wordpress\/wp-content\/uploads\/2020\/12\/ebook-Y600-284x300.jpg 284w, https:\/\/www.trampicturebook.de\/wordpress\/wp-content\/uploads\/2020\/12\/ebook-Y600-142x150.jpg 142w, https:\/\/www.trampicturebook.de\/wordpress\/wp-content\/uploads\/2020\/12\/ebook-Y600.jpg 567w\" sizes=\"auto, (max-width: 284px) 100vw, 284px\" \/><\/figure>\n<\/div><\/div>\n\n\n\n<div class=\"wp-block-column is-layout-flow wp-block-column-is-layout-flow\" style=\"flex-basis:66.66%\">\n<p>Im Sommer 2020 erschien das Buch \u00bbKunst und Krimi\u00ab, Kunstwerke von Dr. Daniela Richter-Wittenfeld und Krimigeschichten von Uwe Wittenfeld. Das Buch wurde im Brillantdruck auf 200g-Bilddruckpapier gefertigt, um die Kunstwerke ansprechend zu pr\u00e4sentieren.<br>Ein eBook, dass in der Regel auf einem Reader ohne Farbdisplay gelesen wird, kann die Aussagekraft der Kunstwerke auch nicht ann\u00e4hernd wiedergeben, so dass K\u00fcnstlerin und Autor diese M\u00f6glichkeit ausgeschlossen haben.<br>Nun soll es aber auch Krimi-Fans geben, die mit Kunst \u00bbnichts am Hut haben\u00ab. Schade, sie verpassen etwas aber f\u00fcr sie wurde dieses eBook gemacht: Es enth\u00e4lt nur die Krimis ohne die Kunstwerke.<br>Als Zugabe erh\u00e4lt der Leser noch eine kriminelle Weihnachtsgeschichte (\u00bbDie Weihnachtsmarktmafia\u00ab). Sie wurde dem Buch \u00bbWinnetou und die Frau in Wei\u00df\u00ab entnommen.<br>ISBN: 978-3-947848-11-9<br>Preis: <s>5,99<\/s> 2,99 \u20ac <\/p>\n<\/div>\n<\/div>\n","protected":false},"excerpt":{"rendered":"<p>Kann man Kunst und Krimi in einem Buch kombinieren? Lassen Sie sich \u00fcberzeugen:14 Kunstwerke von Dr. Daniela Richter-Wittenfeld (nat\u00fcrlich in Farbe)12 spannende Kurzkrimis von Uwe Wittenfeld Taschenbuch im quadratischen Format 17*17cm200g-Foto-Brillantpapier, 164 Seiten, ISBN: 978-3-947848-10-2 \u20ac 15,50 Bonnie und Claus Zechensiedlung im Ruhrgebiet Vergeben und vergessen? Berlin,Potsdam Die sch\u00f6ne Helena&#8230;<\/p>\n<p> <a class=\"continue-reading-link\" href=\"https:\/\/www.trampicturebook.de\/wordpress\/kunst-und-krimi\/\"><span>Continue reading<\/span><i class=\"crycon-right-dir\"><\/i><\/a> <\/p>\n","protected":false},"author":1,"featured_media":0,"parent":0,"menu_order":0,"comment_status":"closed","ping_status":"closed","template":"","meta":{"footnotes":""},"categories":[29,30],"tags":[],"folder":[26],"class_list":["post-2417","page","type-page","status-publish","hentry","category-krimi-anthologie","category-kunst"],"jetpack_sharing_enabled":true,"_links":{"self":[{"href":"https:\/\/www.trampicturebook.de\/wordpress\/wp-json\/wp\/v2\/pages\/2417","targetHints":{"allow":["GET"]}}],"collection":[{"href":"https:\/\/www.trampicturebook.de\/wordpress\/wp-json\/wp\/v2\/pages"}],"about":[{"href":"https:\/\/www.trampicturebook.de\/wordpress\/wp-json\/wp\/v2\/types\/page"}],"author":[{"embeddable":true,"href":"https:\/\/www.trampicturebook.de\/wordpress\/wp-json\/wp\/v2\/users\/1"}],"replies":[{"embeddable":true,"href":"https:\/\/www.trampicturebook.de\/wordpress\/wp-json\/wp\/v2\/comments?post=2417"}],"version-history":[{"count":16,"href":"https:\/\/www.trampicturebook.de\/wordpress\/wp-json\/wp\/v2\/pages\/2417\/revisions"}],"predecessor-version":[{"id":7686,"href":"https:\/\/www.trampicturebook.de\/wordpress\/wp-json\/wp\/v2\/pages\/2417\/revisions\/7686"}],"wp:attachment":[{"href":"https:\/\/www.trampicturebook.de\/wordpress\/wp-json\/wp\/v2\/media?parent=2417"}],"wp:term":[{"taxonomy":"category","embeddable":true,"href":"https:\/\/www.trampicturebook.de\/wordpress\/wp-json\/wp\/v2\/categories?post=2417"},{"taxonomy":"post_tag","embeddable":true,"href":"https:\/\/www.trampicturebook.de\/wordpress\/wp-json\/wp\/v2\/tags?post=2417"},{"taxonomy":"folder","embeddable":true,"href":"https:\/\/www.trampicturebook.de\/wordpress\/wp-json\/wp\/v2\/folder?post=2417"}],"curies":[{"name":"wp","href":"https:\/\/api.w.org\/{rel}","templated":true}]}}