{"id":2736,"date":"2021-05-10T16:33:13","date_gmt":"2021-05-10T14:33:13","guid":{"rendered":"https:\/\/www.trampicturebook.de\/wordpress\/?page_id=2736"},"modified":"2022-07-26T18:30:52","modified_gmt":"2022-07-26T16:30:52","slug":"corona-die-krone-der-virologie","status":"publish","type":"page","link":"https:\/\/www.trampicturebook.de\/wordpress\/corona-die-krone-der-virologie\/","title":{"rendered":"Corona &#8211; Die Krone der Virologie"},"content":{"rendered":"\n<div class=\"wp-block-columns is-layout-flex wp-container-core-columns-is-layout-9d6595d7 wp-block-columns-is-layout-flex\">\n<div class=\"wp-block-column is-layout-flow wp-block-column-is-layout-flow\"><div class=\"wp-block-image\">\n<figure class=\"aligncenter size-large is-resized\"><a href=\"https:\/\/www.trampicturebook.de\/wordpress\/wp-content\/uploads\/2021\/09\/Cover-2-U1-Y800.jpg\"><img loading=\"lazy\" decoding=\"async\" src=\"https:\/\/www.trampicturebook.de\/wordpress\/wp-content\/uploads\/2021\/05\/Cover-2-U1-Y800-1.jpg\" alt=\"\" class=\"wp-image-2727\" width=\"422\" height=\"316\" srcset=\"https:\/\/www.trampicturebook.de\/wordpress\/wp-content\/uploads\/2021\/05\/Cover-2-U1-Y800-1.jpg 800w, https:\/\/www.trampicturebook.de\/wordpress\/wp-content\/uploads\/2021\/05\/Cover-2-U1-Y800-1-600x449.jpg 600w, https:\/\/www.trampicturebook.de\/wordpress\/wp-content\/uploads\/2021\/05\/Cover-2-U1-Y800-1-300x224.jpg 300w, https:\/\/www.trampicturebook.de\/wordpress\/wp-content\/uploads\/2021\/05\/Cover-2-U1-Y800-1-768x574.jpg 768w, https:\/\/www.trampicturebook.de\/wordpress\/wp-content\/uploads\/2021\/05\/Cover-2-U1-Y800-1-150x112.jpg 150w\" sizes=\"auto, (max-width: 422px) 100vw, 422px\" \/><\/a><\/figure>\n<\/div><\/div>\n\n\n\n<div class=\"wp-block-column is-layout-flow wp-block-column-is-layout-flow\">\n<p><strong><a href=\"https:\/\/www.trampicturebook.de\/wordpress\/dr-sylvia-sackers-boehm\/\" data-type=\"page\" data-id=\"2238\">Dr. Sylvia Sackers-B\u00f6hm<\/a><\/strong> wurde 1966 als echtes Ruhrpottkind in Bottrop geboren.  In M\u00fclheim arbeitete sie als \u00c4rztin\/Not\u00e4rztin in einem M\u00fclheimer Krankenhaus, als internistische Haus\u00e4rztin ab 1999 in einer Gemeinschaftspraxis in M\u00fclheim an der Ruhr und seit 2018 in einem MVZ nach Essen.<\/p>\n\n\n\n<p><strong><a href=\"https:\/\/www.trampicturebook.de\/wordpress\/dr-daniela-richter-wittenfeld\/\" data-type=\"page\" data-id=\"2233\">Dr. Daniela Richter-Wittenfeld<\/a><\/strong> ist ein Kind des Ruhrgebiets. Nach dem Lehramtsstudium promovierte sie zum Dr. p\u00e4d. \u00fcber \u203aDie Arbeit des Verbandes f\u00fcr Deutsche Frauenkleidung und Frauenkultur auf dem Gebiet der Frauenkleidung von 1896 bis 1935.\u2039<br><\/p>\n<\/div>\n<\/div>\n\n\n\n<p>Als ich mein erstes Buch schrieb, begann die gr\u00f6\u00dfte Pandemie der letzten Jahrhunderte. Das SARS-COV-2 Virus verbreitete sich von China ausgehend, rasend schnell \u00fcber die ganze Welt. Durch die Globalisierung war kein Land vor dieser gef\u00e4hrlichen Infektion sicher.<br>Als \u00c4rztin, die schon mehrere Infektionswellen erlebt hatte, habe ich es zun\u00e4chst in eine normale Serie von Infekten eingereiht. Ich hatte als Erkennungszeichen ein Kr\u00f6nchen f\u00fcr die Patienten mit den entsprechenden Krankheitssymptomen entwickelt. Habe das Ganze ins L\u00e4cherliche gezogen. Bereits die Schweine- und Vogelgrippe hatte ich erlebt und \u00fcberstanden.<br>Wie naiv war ich!<br>Die Corona-Pandemie entwickelte sich zu einer Katastrophe ungeahnten Ausma\u00dfes.<br>Im M\u00e4rz 2020 sah ich einen wissenschaftlichen Beitrag im Fernsehen, wo eine asiatische Virologin betonte, in ihrem Forschungsinstitut w\u00e4re es schon sehr lange eine unanfechtbare Erkenntnis, dass eine Pandemie kommen w\u00fcrde. Die Frage w\u00e4re nur gewesen, wann?<br>Diese Pandemie kam im Jahr 2020!<br>Man h\u00f6rte ab Februar von Infektionen in China, sah Menschen im M\u00e4rz, die in Italien nach Luft rangen, S\u00e4rge in Bergamo, Massengr\u00e4ber in Brasilien.<br>Das alles war weit weg.<\/p>\n\n\n\n<p>Nach und nach kamen jedoch auch bei uns die Einschl\u00e4ge immer n\u00e4her. Viele von uns hatten Freunde oder Familie, die in Ischgl zum Skifahren gefahren waren und erkrankten.<br>Schlie\u00dflich kannte so ziemlich jeder irgendeinen Menschen, der infiziert und m\u00f6glicherweise sogar sehr krank war.<br>Zum Gl\u00fcck kann ich aber sagen, dass wir wenige Menschen aus meinem privaten Umfeld und auch Patienten aus unserer Praxis, Bekannte oder Verwandte zu betrauern hatten.<br>Wir waren in Deutschland trotzdem sehr privilegiert. Hier gab es ein gutes Gesundheitssystem und gen\u00fcgend Geld.<\/p>\n\n\n\n<p>Taschenbuch im Format 22cm*15cm, 96 Seiten mit 9 farbigem Kunstwerken auf Kunstdruckpapier, <br>Preis: 10,50 \u20ac ISBN: 9-783-947848-30-0<\/p>\n\n\n\n<p>eBook: 4,49\u20ac<\/p>\n\n\n\n<ul class=\"wp-block-list\"><li><img loading=\"lazy\" decoding=\"async\" width=\"102\" height=\"102\" class=\"wp-image-4361\" style=\"width: 102px;\" src=\"https:\/\/www.trampicturebook.de\/wordpress\/wp-content\/uploads\/2022\/02\/ddbuecherjunge.jpg\" alt=\"\" srcset=\"https:\/\/www.trampicturebook.de\/wordpress\/wp-content\/uploads\/2022\/02\/ddbuecherjunge.jpg 102w, https:\/\/www.trampicturebook.de\/wordpress\/wp-content\/uploads\/2022\/02\/ddbuecherjunge-100x100.jpg 100w\" sizes=\"auto, (max-width: 102px) 100vw, 102px\" \/><a href=\"https:\/\/litterae-artesque.blogspot.com\/2022\/02\/sackers-bohm-sylvia-zwei-x-medizin.html\" target=\"_blank\" rel=\"noreferrer noopener\">Rezension vom Dresdner B\u00fccherjungen<\/a><\/li><\/ul>\n\n\n<div class=\"wp-block-image\">\n<figure class=\"aligncenter size-full\"><a href=\"https:\/\/litterae-artesque.blogspot.com\/2022\/02\/sackers-bohm-sylvia-zwei-x-medizin.html\" target=\"_blank\" rel=\"noopener\"><img loading=\"lazy\" decoding=\"async\" width=\"1015\" height=\"529\" src=\"https:\/\/www.trampicturebook.de\/wordpress\/wp-content\/uploads\/2022\/02\/Collage_Medizin.jpg\" alt=\"\" class=\"wp-image-4367\" srcset=\"https:\/\/www.trampicturebook.de\/wordpress\/wp-content\/uploads\/2022\/02\/Collage_Medizin.jpg 1015w, https:\/\/www.trampicturebook.de\/wordpress\/wp-content\/uploads\/2022\/02\/Collage_Medizin-600x313.jpg 600w, https:\/\/www.trampicturebook.de\/wordpress\/wp-content\/uploads\/2022\/02\/Collage_Medizin-300x156.jpg 300w, https:\/\/www.trampicturebook.de\/wordpress\/wp-content\/uploads\/2022\/02\/Collage_Medizin-768x400.jpg 768w, https:\/\/www.trampicturebook.de\/wordpress\/wp-content\/uploads\/2022\/02\/Collage_Medizin-150x78.jpg 150w\" sizes=\"auto, (max-width: 1015px) 100vw, 1015px\" \/><\/a><\/figure>\n<\/div>","protected":false},"excerpt":{"rendered":"<p>Dr. Sylvia Sackers-B\u00f6hm wurde 1966 als echtes Ruhrpottkind in Bottrop geboren. In M\u00fclheim arbeitete sie als \u00c4rztin\/Not\u00e4rztin in einem M\u00fclheimer Krankenhaus, als internistische Haus\u00e4rztin ab 1999 in einer Gemeinschaftspraxis in M\u00fclheim an der Ruhr und seit 2018 in einem MVZ nach Essen. Dr. Daniela Richter-Wittenfeld ist ein Kind des Ruhrgebiets&#8230;.<\/p>\n<p> <a class=\"continue-reading-link\" href=\"https:\/\/www.trampicturebook.de\/wordpress\/corona-die-krone-der-virologie\/\"><span>Continue reading<\/span><i class=\"crycon-right-dir\"><\/i><\/a> <\/p>\n","protected":false},"author":1,"featured_media":0,"parent":0,"menu_order":0,"comment_status":"closed","ping_status":"closed","template":"","meta":{"footnotes":""},"categories":[],"tags":[],"folder":[28],"class_list":["post-2736","page","type-page","status-publish","hentry"],"jetpack_sharing_enabled":true,"_links":{"self":[{"href":"https:\/\/www.trampicturebook.de\/wordpress\/wp-json\/wp\/v2\/pages\/2736","targetHints":{"allow":["GET"]}}],"collection":[{"href":"https:\/\/www.trampicturebook.de\/wordpress\/wp-json\/wp\/v2\/pages"}],"about":[{"href":"https:\/\/www.trampicturebook.de\/wordpress\/wp-json\/wp\/v2\/types\/page"}],"author":[{"embeddable":true,"href":"https:\/\/www.trampicturebook.de\/wordpress\/wp-json\/wp\/v2\/users\/1"}],"replies":[{"embeddable":true,"href":"https:\/\/www.trampicturebook.de\/wordpress\/wp-json\/wp\/v2\/comments?post=2736"}],"version-history":[{"count":13,"href":"https:\/\/www.trampicturebook.de\/wordpress\/wp-json\/wp\/v2\/pages\/2736\/revisions"}],"predecessor-version":[{"id":4905,"href":"https:\/\/www.trampicturebook.de\/wordpress\/wp-json\/wp\/v2\/pages\/2736\/revisions\/4905"}],"wp:attachment":[{"href":"https:\/\/www.trampicturebook.de\/wordpress\/wp-json\/wp\/v2\/media?parent=2736"}],"wp:term":[{"taxonomy":"category","embeddable":true,"href":"https:\/\/www.trampicturebook.de\/wordpress\/wp-json\/wp\/v2\/categories?post=2736"},{"taxonomy":"post_tag","embeddable":true,"href":"https:\/\/www.trampicturebook.de\/wordpress\/wp-json\/wp\/v2\/tags?post=2736"},{"taxonomy":"folder","embeddable":true,"href":"https:\/\/www.trampicturebook.de\/wordpress\/wp-json\/wp\/v2\/folder?post=2736"}],"curies":[{"name":"wp","href":"https:\/\/api.w.org\/{rel}","templated":true}]}}