{"id":6182,"date":"2023-05-26T11:56:05","date_gmt":"2023-05-26T09:56:05","guid":{"rendered":"https:\/\/www.trampicturebook.de\/wordpress\/?page_id=6182"},"modified":"2024-11-22T10:29:47","modified_gmt":"2024-11-22T09:29:47","slug":"mord-am-yacht-club","status":"publish","type":"page","link":"https:\/\/www.trampicturebook.de\/wordpress\/mord-am-yacht-club\/","title":{"rendered":"Mord am Yacht Club"},"content":{"rendered":"\n<div class=\"wp-block-columns is-layout-flex wp-container-core-columns-is-layout-9d6595d7 wp-block-columns-is-layout-flex\">\n<div class=\"wp-block-column is-layout-flow wp-block-column-is-layout-flow\" style=\"flex-basis:33.33%\"><div class=\"wp-block-image\">\n<figure class=\"aligncenter size-full is-resized\"><img loading=\"lazy\" decoding=\"async\" width=\"514\" height=\"800\" src=\"https:\/\/www.trampicturebook.de\/wordpress\/wp-content\/uploads\/2023\/05\/U1-Y800-3.jpg\" alt=\"\" class=\"wp-image-6184\" style=\"width:237px;height:369px\" srcset=\"https:\/\/www.trampicturebook.de\/wordpress\/wp-content\/uploads\/2023\/05\/U1-Y800-3.jpg 514w, https:\/\/www.trampicturebook.de\/wordpress\/wp-content\/uploads\/2023\/05\/U1-Y800-3-193x300.jpg 193w, https:\/\/www.trampicturebook.de\/wordpress\/wp-content\/uploads\/2023\/05\/U1-Y800-3-96x150.jpg 96w\" sizes=\"auto, (max-width: 514px) 100vw, 514px\" \/><\/figure>\n<\/div><\/div>\n\n\n\n<div class=\"wp-block-column is-layout-flow wp-block-column-is-layout-flow\" style=\"flex-basis:66.66%\">\n<p>\u201e<a href=\"https:\/\/www.trampicturebook.de\/wordpress\/mord-am-yacht-club\/\" data-type=\"page\" data-id=\"6182\">Mord am Yachtclub<\/a>\u201c von Dr. <a href=\"https:\/\/www.trampicturebook.de\/wordpress\/kirsten-weinhold\/\">Kirsten Weinhold<\/a><br>Ein Toter im Hafenbecken eines Yacht Clubs am M\u00f6hnesee ver\u00e4ndert schlagartig das Leben der Kommissar-Anw\u00e4rterin Fenja Grothe. Nicht nur die immer komplexer werdenden Ermittlungen bereiten ihr Kopfzerbrechen. Auch die Arroganz und Unf\u00e4higkeit des Ermittlungsleiters, Hauptkommissar Ludger Fromme, verunsichert sie.<br>Als zwei weitere Morde geschehen, beschlie\u00dft Fenja, auf eigene Faust zu recherchieren. Nach und nach erkennt sie den heimt\u00fcckischen Plan, der hinter den Morden steht. Sie ahnt nicht, dass der M\u00f6rder sie l\u00e4ngst ins Visier genommen hat und sie in t\u00f6dlicher Gefahr schwebt.<br>ISBN 978-3-947848-70-6<br><\/p>\n<\/div>\n<\/div>\n\n\n\n<p><\/p>\n\n\n\n<hr class=\"wp-block-separator has-alpha-channel-opacity\"\/>\n\n\n\n<h1 class=\"wp-block-heading has-text-align-center\">Rezensionen<\/h1>\n\n\n\n<hr class=\"wp-block-separator has-alpha-channel-opacity\"\/>\n\n\n\n<div class=\"wp-block-columns is-layout-flex wp-container-core-columns-is-layout-9d6595d7 wp-block-columns-is-layout-flex\">\n<div class=\"wp-block-column is-layout-flow wp-block-column-is-layout-flow\" style=\"flex-basis:66.66%\">\n<p><a href=\"https:\/\/www.facebook.com\/helgasbuecherparadies?__cft__[0]=AZXrXVJrq3B1jQBDAhRjYsU7mc05nYNdNu7HyhDxDXMp4RfYK46rrXxNfW_tLD8S7EiB81hMrKsAaT3ho9d75XRFDy5VnyAWqVeMd1fhIfX9AUcXa8wAJ2apcswLcc1Uxo2ODaaPBth0-5m6r9T_nt_O&amp;__tn__=%3C%2CP-R\"><\/a><\/p>\n\n\n\n<p><strong>Helgas B\u00fccherparadies<\/strong><\/p>\n\n\n\n<p><\/p>\n\n\n\n<p>Kirsten Weinhold Mord am Yachtclub<\/p>\n\n\n\n<p>Hauptkommissar Ludger Fromme \u00fcbernimmt die Leitung der Ermittlungen, als eine m\u00e4nnliche Leiche am M\u00f6hnesee aufgefunden wird. Zusammen mit dem ortsans\u00e4ssigen Polizeiteam soll der M\u00f6rder gefunden werden. Eine schwierige Aufgabe, denn Fromme l\u00e4sst kein eigenst\u00e4ndiges Arbeiten zu. Kommissaranw\u00e4rterin Fenja Grothe wei\u00df sich normalerweise zu behaupten und ist gut in ihrem Fach, wird aber immer wieder vom Kommissar ausgebremst. Weitere Morde geschehen und Fenja ermittelt auf eigene Faust und findet einige Details, die sie dem M\u00f6rder n\u00e4her bringt, kommt dabei aber gleichzeitig auch in Gefahr.<\/p>\n\n\n\n<p>Ich kenne die Autorin bereits von ihren Cornwall Krimis und war dementsprechend gespannt.<\/p>\n\n\n\n<p>Von Anfang an gefiel mir die Art und Weise des Schreibens, sowie die Kommissaranw\u00e4rterin Fenja. Sie hinterfragt vieles, hat einen guten Sp\u00fcrsinn und ihre Zeugenbefragungen haben Hand und Fu\u00df. Auch ihre Art, sich gegen\u00fcber dem geltungsbed\u00fcrftigen Fromme zu behaupten und ihr Schneid gefiel mir ausgesprochen gut.<\/p>\n\n\n\n<p>Die Ermittlungsarbeiten waren zu keinem Zeitpunkt langweilig. Wechselnde Kapitel und die Ich-Form von Fenja haben die Spannung aufrechterhalten. Dazu der verzwickte Fall mit mehreren Toten, kein Motiv und viele Verd\u00e4chtige trugen zu einem sehr guten Lesegenuss bei.<\/p>\n\n\n\n<p>Fazit: Es ist ein unterhaltsamer und spannender Krimi mit Lokalkolorit. Die vielschichtigen und facettenreiche Charaktere sind authentisch. Der fl\u00fcssige Schreibstil lie\u00df mich nur so durch die Zeilen gleiten. Der Krimi ist abwechslungsreich und es bleibt bis zum Ende spannend und r\u00e4tselhaft.<\/p>\n\n\n\n<p>Ein tolles Krimivergn\u00fcgen. \u00dcber eine Fortsetzung w\u00fcrde ich mich sehr freuen.<\/p>\n\n\n\n<p>Von mir gibt es Leseempfehlung und <img loading=\"lazy\" decoding=\"async\" height=\"16\" width=\"16\" alt=\"\u2b50\" src=\"https:\/\/static.xx.fbcdn.net\/images\/emoji.php\/v9\/tb4\/1\/16\/2b50.png\"><img loading=\"lazy\" decoding=\"async\" height=\"16\" width=\"16\" alt=\"\u2b50\" src=\"https:\/\/static.xx.fbcdn.net\/images\/emoji.php\/v9\/tb4\/1\/16\/2b50.png\"><img loading=\"lazy\" decoding=\"async\" height=\"16\" width=\"16\" alt=\"\u2b50\" src=\"https:\/\/static.xx.fbcdn.net\/images\/emoji.php\/v9\/tb4\/1\/16\/2b50.png\"><img loading=\"lazy\" decoding=\"async\" height=\"16\" width=\"16\" alt=\"\u2b50\" src=\"https:\/\/static.xx.fbcdn.net\/images\/emoji.php\/v9\/tb4\/1\/16\/2b50.png\"><img loading=\"lazy\" decoding=\"async\" height=\"16\" width=\"16\" alt=\"\u2b50\" src=\"https:\/\/static.xx.fbcdn.net\/images\/emoji.php\/v9\/tb4\/1\/16\/2b50.png\"><\/p>\n\n\n\n<p>Vielen Dank f\u00fcr das Rezensionsexemplar. Meine Meinung wurde dadurch nicht beeinflusst.<\/p>\n<\/div>\n\n\n\n<div class=\"wp-block-column is-layout-flow wp-block-column-is-layout-flow\" style=\"flex-basis:33.33%\">\n<figure class=\"wp-block-image size-full\"><img loading=\"lazy\" decoding=\"async\" width=\"526\" height=\"526\" src=\"https:\/\/www.trampicturebook.de\/wordpress\/wp-content\/uploads\/2023\/11\/Zwischenablage01.jpg\" alt=\"\" class=\"wp-image-7081\" srcset=\"https:\/\/www.trampicturebook.de\/wordpress\/wp-content\/uploads\/2023\/11\/Zwischenablage01.jpg 526w, https:\/\/www.trampicturebook.de\/wordpress\/wp-content\/uploads\/2023\/11\/Zwischenablage01-300x300.jpg 300w, https:\/\/www.trampicturebook.de\/wordpress\/wp-content\/uploads\/2023\/11\/Zwischenablage01-100x100.jpg 100w, https:\/\/www.trampicturebook.de\/wordpress\/wp-content\/uploads\/2023\/11\/Zwischenablage01-150x150.jpg 150w\" sizes=\"auto, (max-width: 526px) 100vw, 526px\" \/><\/figure>\n<\/div>\n<\/div>\n\n\n\n<hr class=\"wp-block-separator has-alpha-channel-opacity\"\/>\n\n\n\n<figure class=\"wp-block-image\"><a href=\"https:\/\/www.amazon.de\/gp\/profile\/amzn1.account.AGHZXF65VSELKHHPNSXPSWQUPPCA\/ref=cm_cr_dp_d_gw_tr?ie=UTF8\"><img decoding=\"async\" src=\"https:\/\/images-eu.ssl-images-amazon.com\/images\/S\/amazon-avatars-global\/default._CR0,0,1024,1024_SX48_.png\" alt=\"\"\/><\/a><\/figure>\n\n\n\n<p>A. u. B. Zimmer, VINE-PRODUKTTESTER<\/p>\n\n\n\n<p><em>5,0 von 5 Sternen<\/em> Spannend bis zur letzten Seite <\/p>\n\n\n\n<p>Rezension aus Deutschland vom 3. September 2023<\/p>\n\n\n\n<p>Im Yacht Club am M\u00f6hnesee wird eine Leiche gefunden und die Kommissar-Anw\u00e4rterin Fenja Grothe wird in die Ermittlungen einbezogen. Zu schaffen macht ihr die Arroganz Hauptkommissars Ludger Fromme, der vollkommen unf\u00e4hig ist und verunsichert wird. Nachdem zwei weitere Morde passiert sind, beschlie\u00dft Fenja auf eigene Faust zu recherchieren. Dabei erkennt sie schrittweise einen heimt\u00fcckischen Plan hinter diesen Morden. Jedoch hat der M\u00f6rder sie l\u00e4ngst im Visier. Wird sie diese Morde aufdecken k\u00f6nnen?<br><br>Das Cover gef\u00e4llt mir. Der Schreibstil ist fl\u00fcssig und die einzelnen Kapitel gehen nahtlos ineinander \u00fcber. Die Protagonisten werden detailliert dargestellt, sodass man sich in sie hineinversetzen kann. Auch die Umgebung wird perfekt beschrieben. Das Zwischenmenschliche kommt ebenfalls nicht zu kurz. Fenja ist mir sehr ans Herz gewachsen.<br><br>Von mir gibt es eine absolute Leseempfehlung und ich freue mich schon auf weitere B\u00fccher von Autorin Kirsten Weinhold.<\/p>\n\n\n\n<p><a href=\"https:\/\/www.amazon.de\/gp\/profile\/amzn1.account.AFLTBTGO72PQEWYACZAZMC6ICCFQ\/ref=cm_cr_dp_d_gw_tr?ie=UTF8\"><\/a><\/p>\n\n\n\n<figure class=\"wp-block-image\"><a href=\"https:\/\/www.amazon.de\/gp\/profile\/amzn1.account.AFLTBTGO72PQEWYACZAZMC6ICCFQ\/ref=cm_cr_dp_d_gw_tr?ie=UTF8\"><img decoding=\"async\" src=\"https:\/\/images-eu.ssl-images-amazon.com\/images\/S\/amazon-avatars-global\/dc52a95e-8d45-4113-9a3e-8b334b4369a6._CR0,0,500,500_SX48_.jpg\" alt=\"\"\/><\/a><\/figure>\n\n\n\n<p>Tina K.<\/p>\n\n\n\n<p><em>5,0 von 5 Sternen<\/em> Spannender <br>Krimi mit Lokalkolorit Rezension aus Deutschland vom 17. April 2024<\/p>\n\n\n\n<p><strong>Mord am Yacht Club<\/strong><br>Ein westf\u00e4lischer Polizeikrimi von <strong>Kirsten Weinhold<\/strong><br><br>Ich habe mich sehr gefreut dieses EBook als Rezensionsexemplar zur Verf\u00fcgung gestellt bekommen zu haben. Denn ich fand das Cover sehr sch\u00f6n und der Klappentext hatte es mir angetan.<br>Und ich wurde nicht entt\u00e4uscht. Bisher war mir die Autorin nicht bekannt, aber ich mag ihren Schreibstil. Und Krimis mit Lokalkolorit sowieso.<br>Das Buch ist sehr spannend geschrieben. Verwirrend, aber so soll es ja sein. Der Dialekt, der zwischendurch gesprochen wird ist sehr charmant und man versteht ihn gut. Zwischendurch habe ich auch sehr schmunzeln m\u00fcssen. Wenn Sie an die Stelle mit der Lasagne kommen werden Sie wissen was ich meine. By the way: ich ben\u00f6tigte 24 Stunden um den Roman zu beenden, die Nacht wurde zum Tage.<br>Ob es eine Fortsetzung mit Fenja Grothe geben wird? Ich w\u00fcrde mich sehr freuen.<\/p>\n\n\n\n<hr class=\"wp-block-separator has-alpha-channel-opacity\"\/>\n\n\n\n<h1 class=\"wp-block-heading has-text-align-center\">Presse<\/h1>\n\n\n\n<hr class=\"wp-block-separator has-alpha-channel-opacity\"\/>\n\n\n\n<p>Soester Anzeiger, 21.11.2024<\/p>\n\n\n<iframe loading=\"lazy\" class=\"embed-pdf-viewer\" src=\"https:\/\/www.trampicturebook.de\/wordpress\/wp-content\/uploads\/2024\/11\/Kirsten-Wickede.pdf\" height=\"1001\" width=\"1001\" title=\"Kirsten-Wickede\"><\/iframe>","protected":false},"excerpt":{"rendered":"<p>\u201eMord am Yachtclub\u201c von Dr. Kirsten WeinholdEin Toter im Hafenbecken eines Yacht Clubs am M\u00f6hnesee ver\u00e4ndert schlagartig das Leben der Kommissar-Anw\u00e4rterin Fenja Grothe. Nicht nur die immer komplexer werdenden Ermittlungen bereiten ihr Kopfzerbrechen. Auch die Arroganz und Unf\u00e4higkeit des Ermittlungsleiters, Hauptkommissar Ludger Fromme, verunsichert sie.Als zwei weitere Morde geschehen, beschlie\u00dft&#8230;<\/p>\n<p> <a class=\"continue-reading-link\" href=\"https:\/\/www.trampicturebook.de\/wordpress\/mord-am-yacht-club\/\"><span>Continue reading<\/span><i class=\"crycon-right-dir\"><\/i><\/a> <\/p>\n","protected":false},"author":1,"featured_media":0,"parent":0,"menu_order":0,"comment_status":"closed","ping_status":"closed","template":"","meta":{"footnotes":""},"categories":[32],"tags":[],"folder":[23],"class_list":["post-6182","page","type-page","status-publish","hentry","category-kriminalroman"],"jetpack_sharing_enabled":true,"_links":{"self":[{"href":"https:\/\/www.trampicturebook.de\/wordpress\/wp-json\/wp\/v2\/pages\/6182","targetHints":{"allow":["GET"]}}],"collection":[{"href":"https:\/\/www.trampicturebook.de\/wordpress\/wp-json\/wp\/v2\/pages"}],"about":[{"href":"https:\/\/www.trampicturebook.de\/wordpress\/wp-json\/wp\/v2\/types\/page"}],"author":[{"embeddable":true,"href":"https:\/\/www.trampicturebook.de\/wordpress\/wp-json\/wp\/v2\/users\/1"}],"replies":[{"embeddable":true,"href":"https:\/\/www.trampicturebook.de\/wordpress\/wp-json\/wp\/v2\/comments?post=6182"}],"version-history":[{"count":17,"href":"https:\/\/www.trampicturebook.de\/wordpress\/wp-json\/wp\/v2\/pages\/6182\/revisions"}],"predecessor-version":[{"id":8396,"href":"https:\/\/www.trampicturebook.de\/wordpress\/wp-json\/wp\/v2\/pages\/6182\/revisions\/8396"}],"wp:attachment":[{"href":"https:\/\/www.trampicturebook.de\/wordpress\/wp-json\/wp\/v2\/media?parent=6182"}],"wp:term":[{"taxonomy":"category","embeddable":true,"href":"https:\/\/www.trampicturebook.de\/wordpress\/wp-json\/wp\/v2\/categories?post=6182"},{"taxonomy":"post_tag","embeddable":true,"href":"https:\/\/www.trampicturebook.de\/wordpress\/wp-json\/wp\/v2\/tags?post=6182"},{"taxonomy":"folder","embeddable":true,"href":"https:\/\/www.trampicturebook.de\/wordpress\/wp-json\/wp\/v2\/folder?post=6182"}],"curies":[{"name":"wp","href":"https:\/\/api.w.org\/{rel}","templated":true}]}}