{"id":6913,"date":"2023-09-21T23:06:01","date_gmt":"2023-09-21T21:06:01","guid":{"rendered":"https:\/\/www.trampicturebook.de\/wordpress\/?page_id=6913"},"modified":"2024-03-02T16:19:21","modified_gmt":"2024-03-02T15:19:21","slug":"alexander-kocks-2","status":"publish","type":"page","link":"https:\/\/www.trampicturebook.de\/wordpress\/alexander-kocks-2\/","title":{"rendered":"Alexander Kocks"},"content":{"rendered":"\n<div class=\"wp-block-columns is-layout-flex wp-container-core-columns-is-layout-9d6595d7 wp-block-columns-is-layout-flex\">\n<div class=\"wp-block-column is-layout-flow wp-block-column-is-layout-flow\" style=\"flex-basis:33.33%\"><div class=\"wp-block-image\">\n<figure class=\"aligncenter size-full is-resized\"><img loading=\"lazy\" decoding=\"async\" width=\"525\" height=\"747\" src=\"https:\/\/www.trampicturebook.de\/wordpress\/wp-content\/uploads\/2023\/09\/Kocks.jpg\" alt=\"\" class=\"wp-image-6836\" style=\"width:186px;height:auto\" srcset=\"https:\/\/www.trampicturebook.de\/wordpress\/wp-content\/uploads\/2023\/09\/Kocks.jpg 525w, https:\/\/www.trampicturebook.de\/wordpress\/wp-content\/uploads\/2023\/09\/Kocks-211x300.jpg 211w, https:\/\/www.trampicturebook.de\/wordpress\/wp-content\/uploads\/2023\/09\/Kocks-105x150.jpg 105w\" sizes=\"auto, (max-width: 525px) 100vw, 525px\" \/><\/figure>\n<\/div><\/div>\n\n\n\n<div class=\"wp-block-column is-layout-flow wp-block-column-is-layout-flow\" style=\"flex-basis:66.66%\">\n<p>Alexander Kocks, geboren 1979 in M\u00fclheim an der Ruhr und nie dort weggezogen.<br>Alleinerziehender Vater und gl\u00fccklich geschieden.<br>Arbeitet als Prozessbetreuer in der Marktfolge einer gro\u00dfen Genossenschaftsbank.<\/p>\n\n\n\n<p>Nebenbei ist er politisch aktiv bei den Freien W\u00e4hlern und k\u00fcnstlerisch im Bereich Upcycling unterwegs. Die Inspiration f\u00fcr das Buch bekam er von diversen Serien und Filmen aus dem Heist-Genre.<\/p>\n<\/div>\n<\/div>\n\n\n\n<p><\/p>\n\n\n\n<p><\/p>\n\n\n<div class=\"wp-block-image\">\n<figure class=\"aligncenter size-full is-resized\"><a href=\"https:\/\/www.trampicturebook.de\/wordpress\/halbheld\/\"><img loading=\"lazy\" decoding=\"async\" width=\"766\" height=\"1000\" src=\"https:\/\/www.trampicturebook.de\/wordpress\/wp-content\/uploads\/2023\/11\/Cover-02-U1-Y1000.jpg\" alt=\"\" class=\"wp-image-7132\" style=\"width:234px;height:auto\" srcset=\"https:\/\/www.trampicturebook.de\/wordpress\/wp-content\/uploads\/2023\/11\/Cover-02-U1-Y1000.jpg 766w, https:\/\/www.trampicturebook.de\/wordpress\/wp-content\/uploads\/2023\/11\/Cover-02-U1-Y1000-600x783.jpg 600w, https:\/\/www.trampicturebook.de\/wordpress\/wp-content\/uploads\/2023\/11\/Cover-02-U1-Y1000-230x300.jpg 230w, https:\/\/www.trampicturebook.de\/wordpress\/wp-content\/uploads\/2023\/11\/Cover-02-U1-Y1000-115x150.jpg 115w\" sizes=\"auto, (max-width: 766px) 100vw, 766px\" \/><\/a><\/figure>\n<\/div>\n\n\n<div class=\"wp-block-buttons is-content-justification-center is-layout-flex wp-container-core-buttons-is-layout-16018d1d wp-block-buttons-is-layout-flex\">\n<div class=\"wp-block-button\"><a class=\"wp-block-button__link has-white-color has-vivid-cyan-blue-background-color has-text-color has-background has-link-color wp-element-button\" href=\"https:\/\/www.trampicturebook.de\/wordpress\/halbheld\/\">Autoren\u00fcbersicht<\/a><\/div>\n<\/div>\n","protected":false},"excerpt":{"rendered":"<p>Alexander Kocks, geboren 1979 in M\u00fclheim an der Ruhr und nie dort weggezogen.Alleinerziehender Vater und gl\u00fccklich geschieden.Arbeitet als Prozessbetreuer in der Marktfolge einer gro\u00dfen Genossenschaftsbank. Nebenbei ist er politisch aktiv bei den Freien W\u00e4hlern und k\u00fcnstlerisch im Bereich Upcycling unterwegs. Die Inspiration f\u00fcr das Buch bekam er von diversen Serien&#8230;<\/p>\n<p> <a class=\"continue-reading-link\" href=\"https:\/\/www.trampicturebook.de\/wordpress\/alexander-kocks-2\/\"><span>Continue reading<\/span><i class=\"crycon-right-dir\"><\/i><\/a> <\/p>\n","protected":false},"author":1,"featured_media":0,"parent":0,"menu_order":0,"comment_status":"closed","ping_status":"closed","template":"","meta":{"footnotes":""},"categories":[],"tags":[],"folder":[21],"class_list":["post-6913","page","type-page","status-publish","hentry"],"jetpack_sharing_enabled":true,"_links":{"self":[{"href":"https:\/\/www.trampicturebook.de\/wordpress\/wp-json\/wp\/v2\/pages\/6913","targetHints":{"allow":["GET"]}}],"collection":[{"href":"https:\/\/www.trampicturebook.de\/wordpress\/wp-json\/wp\/v2\/pages"}],"about":[{"href":"https:\/\/www.trampicturebook.de\/wordpress\/wp-json\/wp\/v2\/types\/page"}],"author":[{"embeddable":true,"href":"https:\/\/www.trampicturebook.de\/wordpress\/wp-json\/wp\/v2\/users\/1"}],"replies":[{"embeddable":true,"href":"https:\/\/www.trampicturebook.de\/wordpress\/wp-json\/wp\/v2\/comments?post=6913"}],"version-history":[{"count":5,"href":"https:\/\/www.trampicturebook.de\/wordpress\/wp-json\/wp\/v2\/pages\/6913\/revisions"}],"predecessor-version":[{"id":7431,"href":"https:\/\/www.trampicturebook.de\/wordpress\/wp-json\/wp\/v2\/pages\/6913\/revisions\/7431"}],"wp:attachment":[{"href":"https:\/\/www.trampicturebook.de\/wordpress\/wp-json\/wp\/v2\/media?parent=6913"}],"wp:term":[{"taxonomy":"category","embeddable":true,"href":"https:\/\/www.trampicturebook.de\/wordpress\/wp-json\/wp\/v2\/categories?post=6913"},{"taxonomy":"post_tag","embeddable":true,"href":"https:\/\/www.trampicturebook.de\/wordpress\/wp-json\/wp\/v2\/tags?post=6913"},{"taxonomy":"folder","embeddable":true,"href":"https:\/\/www.trampicturebook.de\/wordpress\/wp-json\/wp\/v2\/folder?post=6913"}],"curies":[{"name":"wp","href":"https:\/\/api.w.org\/{rel}","templated":true}]}}